 6?
-68fc
In base 13, what is -1001 - -7a?
-c54
In base 16, what is -d4 + -100?
-1d4
In base 4, what is -331013333 - 2?
-331020001
In base 14, what is 22 + -1126b?
-11249
In base 12, what is 28a5a7 + -1?
28a5a6
In base 6, what is 4 - 131344?
-131340
In base 13, what is 136 - -360?
496
In base 15, what is -12162 + 0?
-12162
In base 13, what is 0 + 92a0?
92a0
In base 16, what is 72955 + -1?
72954
In base 6, what is -4 + 41324313?
41324305
In base 5, what is 0 + 112031223?
112031223
In base 9, what is -5 + -377104?
-377110
In base 5, what is -332 + 210?
-122
In base 16, what is -2c7 - 47?
-30e
In base 3, what is -20111011112 - 11?
-20111011200
In base 9, what is 428 - 181?
237
In base 8, what is -4 + -27?
-33
In base 7, what is -15 + -642350?
-642365
In base 8, what is 1 - 166407?
-166406
In base 7, what is 2451 + 1504?
4255
In base 14, what is -4 + 56c14?
56c10
In base 11, what is -3a - 31681?
-31710
In base 9, what is -56663 + -287?
-57061
In base 15, what is -3b - 8d5?
-921
In base 4, what is 311130 - -120?
311310
In base 13, what is -1 - 23a17?
-23a18
In base 9, what is -416 - -3277?
2761
In base 14, what is -353b9 - -38?
-35381
In base 10, what is -3 + 156683?
156680
In base 14, what is -7ad - a?
-7b9
In base 16, what is 5 - -74f1?
74f6
In base 2, what is 1000 + -101111010?
-101110010
In base 11, what is 757 + -115a?
-503
In base 12, what is 3 - 983?
-980
In base 8, what is -5 - 44502?
-44507
In base 12, what is 95 + 28b?
364
In base 11, what is -864 + 116?
-749
In base 14, what is -200 + 213c?
1d3c
In base 15, what is -60 + -185?
-1e5
In base 8, what is -23315777 + -1?
-23316000
In base 11, what is -853 + 14?
-83a
In base 14, what is -3 - -17312?
1730d
In base 16, what is 31a23 - 6?
31a1d
In base 4, what is 3 - 131331203?
-131331200
In base 4, what is -22212 - 1111?
-23323
In base 8, what is -3050 + 214?
-2634
In base 16, what is -6 - 41d5?
-41db
In base 12, what is -3 + b272?
b26b
In base 4, what is 121332 - -3121?
131113
In base 15, what is -3453 - -a?
-3448
In base 14, what is -4 - -391d9?
391d5
In base 10, what is -17674 - 12?
-17686
In base 14, what is a377 - -3?
a37a
In base 7, what is 4 - 1250434?
-1250430
In base 12, what is 3a - 488?
-44a
In base 13, what is 5 - a7627?
-a7622
In base 8, what is 146 + -60764?
-60616
In base 11, what is 947 - 60?
897
In base 11, what is 70 + -57?
14
In base 2, what is 1011011001010111111 + 10101?
1011011001011010100
In base 16, what is 48 + -ab?
-63
In base 6, what is 1401 - 1023?
334
In base 16, what is -2dea - 57?
-2e41
In base 5, what is 3110014 + -11?
3110003
In base 12, what is -3 - 8b178?
-8b17b
In base 10, what is -89 - -226?
137
In base 13, what is -572268 - -2?
-572266
In base 2, what is -10111110000 - 1001011?
-11000111011
In base 7, what is 2 + 21123?
21125
In base 6, what is -1151 + 4540?
3345
In base 15, what is -6 + 212b?
2125
In base 5, what is -2033131 + -3?
-2033134
In base 11, what is 82a31 - -1?
82a32
In base 15, what is 31 + -1c2a?
-1be9
In base 14, what is 3c + -5a99?
-5a5b
In base 10, what is -1 + -12777?
-12778
In base 3, what is -210021000 - 1010?
-210022010
In base 12, what is 2 + -15472?
-15470
In base 6, what is -2 + 132545?
132543
In base 13, what is 930 + -42?
8bb
In base 9, what is -1 - -2876?
2875
In base 14, what is -2 - -11c1?
11bd
In base 2, what is 1 - 100000000101010?
-100000000101001
In base 12, what is -1005b + -68?
-10107
In base 16, what is -14a9a + -2?
-14a9c
In base 4, what is 3022 + 1001111?
1010133
In base 7, what is -4 - -6612?
6605
In base 6, what is -45515 + -4?
-45523
In base 2, what is 110100000 + -110001?
101101111
In base 3, what is -120202002 + 21002?
-120111000
In base 8, what is -4460 - 41?
-4521
In base 13, what is 30a + -c4c?
-942
In base 10, what is 274 - -34?
308
In base 13, what is 5 - 2219?
-2214
In base 15, what is 1 - -231d?
231e
In base 6, what is -43420512 + 0?
-43420512
In base 5, what is 3 + -3120340?
-3120332
In base 12, what is 3 - 1000?
-bb9
In base 6, what is -132 + 5502?
5330
In base 12, what is -81a10 + -4?
-81a14
In base 5, what is 214 - -2241133?
2241402
In base 15, what is -4 - -17041?
1703c
In base 4, what is 113 + 23302102?
23302221
In base 3, what is -2001010210 - -10?
-2001010200
In base 15, what is -12d03 + -11?
-12d14
In base 13, what is -5 - 4372?
-4377
In base 8, what is -4663207 + 0?
-4663207
In base 16, what is -a + c13?
c09
In base 16, what is -e887f - 6?
-e8885
In base 10, what is -4 + 8845?
8841
In base 14, what is -a + b76?
b6a
In base 4, what is 0 + 11230300?
11230300
In base 15, what is -e5430 - -4?
-e542b
In base 6, what is 202 + 315?
521
In base 11, what is 0 - 67614?
-67614
In base 7, what is -1642 + 300?
-1342
In base 8, what is -534567 + 2?
-534565
In base 10, what is 61307 + -7?
61300
In base 16, what is -3 - be940?
-be943
In base 16, what is 240 + -815?
-5d5
In base 4, what is -1001 + 10220?
3213
In base 3, what is 110000220 + -11001?
102212212
In base 14, what is -1561 - -40?
-1521
In base 16, what is -3b - -4339?
42fe
In base 2, what is -111 - -111100101111111100?
111100101111110101
In base 9, what is -50330 - -1?
-50328
In base 14, what is 17 - 298d?
-2976
In base 15, what is -26d + 3e?
-22e
In base 7, what is 451 - 5224?
-4443
In base 3, what is 10 + 120102102?
120102112
In base 12, what is 0 + 56494?
56494
In base 10, what is -57041 - -4?
-57037
In base 12, what is 8 + 936b?
9377
In base 16, what is -3090 + f?
-3081
In base 8, what is 154404 + -23?
154361
In base 2, what is -111000111 + 10000?
-110110111
In base 8, what is 40766170 + -2?
40766166
In base 4, what is 1212132232 - 1?
1212132231
In base 13, what is 0 + 62c7?
62c7
In base 9, what is 8 + -7505?
-7486
In base 4, what is -3 + -101301113?
-101301122
In base 10, what is 223347 + 0?
223347
In base 2, what is -100 - 1000001111111?
-1000010000011
In base 9, what is 3682 - 2766?
815
In base 12, what is 31 + 89?
ba
In base 2, what is 10001111010111011000 + -11?
10001111010111010101
In base 16, what is 141 - -299e?
2adf
In base 5, what is -21 + -223100?
-223121
In base 4, what is -13 - -130333?
130320
In base 16, what is -5 - -745c5?
745c0
In base 9, what is 8875 - 8?
8866
In base 5, what is -10040214 + 403?
-10034311
In base 16, what is -146 - -69?
-dd
In base 14, what is 4 - -3a41a?
3a420
In base 11, what is 15a + -38?
122
In base 4, what is 102313333 - -2?
102320001
In base 3, what is -22120 + 2101122?
2002002
In base 5, what is -121 - -241020?
240344
In base 10, what is 1308 - -439?
1747
In base 5, what is -3 - 20113221?
-20113224
In base 11, what is -1237a + -1?
-12380
In base 3, what is 10222122 - 1?
10222121
In base 5, what is -32312 + -1032?
-33344
In base 6, what is 4 - -13200522?
13200530
In base 10, what is 84 - 2668?
-2584
In base 9, what is 2215 + 675?
3001
In base 6, what is -134121 - -4?
-134113
In base 11, what is -1 + 44a2?
44a1
In base 3, what is -2021110122 - -110?
-2021110012
In base 13, what is 2c - 1061?
-1032
In base 3, what is -1020000 + -222?
-1020222
In base 15, what is -26c43 + -3?
-26c46
In base 13, what is c - -38a64?
38a73
In base 3, what is 111102122202 + 11?
111102122220
In base 10, what is -19046 - -54?
-18992
In base 4, what is -2 - 232032?
-232100
In base 4, what is -1012303103 + -10?
-1012303113
In base 4, what is -1 - 10011213011?
-10011213012
In base 7, what is 45321 - 0?
45321
In base 9, what is 40 + 64058?
64108
In base 7, what is 156 + 42323?
42512
In base 7, what is 2225 + -341?
1554
In base 13, what is -583a + 3?
-5837
In base 3, what is 10002100222 + 11?
10002101010
In base 2, what is 11100 - -100001111011010?
100001111110110
In base 14, what is 2bd90 + -1d?
2bd71
In base 9, what is -3 + 63003?
63000
In base 4, what is -111 + 30003200?
30003023
In base 11, what is -28666 - 8?
-28673
In base 3, what is 12112000101 - -10?
12112000111
In base 14, what is -4 - d907b?
-d9081
In base 2, what is 1101111 + 110001?
10100000
In base 8, what is 30 + 301?
331
In base 11, what is 5 + -14a7?
-14a2
In base 13, what is 232184 - 4?
232180
In base 5, what is 2032240 + 413?
2033203
In base 14, what is -5 - -7658?
7653
In base 16, what is 2c22a - 0?
2c22a
In base 12, what is -8a2 - -13?
-88b
In base 4, what is -102322 - 202?
-103130
In base 5, what is -31331 + -123?
-32004
In base 4, what is -2112130310 + 1?
-2112130303